{"id":12,"date":"2012-09-17T08:53:41","date_gmt":"2012-09-17T06:53:41","guid":{"rendered":"http:\/\/www.urbem.eu\/wordpress\/?page_id=12"},"modified":"2019-12-30T12:08:46","modified_gmt":"2019-12-30T11:08:46","slug":"infraestructuras","status":"publish","type":"page","link":"https:\/\/www.urbem.eu\/wordpress\/?page_id=12","title":{"rendered":"Infraestructuras, Transportes"},"content":{"rendered":"<h4>P: Proyecto, D: Direcci\u00f3n de Obra<\/h4>\n<ul>\n<li><a href=\"http:\/\/www.urbem.eu\/wordpress\/?page_id=724\">Estaci\u00f3n L.A.V. Orense-Monforte, Lugo: P<\/a><\/li>\n<li><a href=\"http:\/\/www.urbem.eu\/wordpress\/?page_id=418\">Estaci\u00f3n de autobuses en Mataporquera (obra pendiente de ejecuci\u00f3n): P<\/a><\/li>\n<li><a href=\"http:\/\/www.urbem.eu\/wordpress\/?page_id=423\">Proyecto de acondicionamiento de naves para actividades de fomento del ferrocarril en Mataporquera (obra pendiente de ejecuci\u00f3n): P<\/a><\/li>\n<li><a href=\"http:\/\/www.urbem.eu\/wordpress\/?page_id=435\" target=\"_blank\" rel=\"noopener noreferrer\">Reparaci\u00f3n y Mejora de la estaci\u00f3n de autobuses de Santander: P, DO<\/a><\/li>\n<li><a href=\"http:\/\/www.urbem.eu\/wordpress\/?page_id=415\" target=\"_blank\" rel=\"noopener noreferrer\">Intercambiador de viajeros en Astillero: P,DO<\/a><\/li>\n<li>Intercambiador de viajeros en Ramales de la Victoria: P, DO<\/li>\n<li>Mejora de infraestructura de la estaci\u00f3n de autobuses de Reinosa: P, DO<\/li>\n<li><a href=\"http:\/\/www.urbem.eu\/wordpress\/?page_id=439\" target=\"_blank\" rel=\"noopener noreferrer\">\u00c1rea de estacionamiento para camiones en Unquera: P<\/a><\/li>\n<li>Proyecto de Reparaci\u00f3n de apartaderos con marquesina en la zona central \u2013 sur de Cantabria: P<\/li>\n<li><a href=\"https:\/\/www.urbem.eu\/wordpress\/?p=1817\" target=\"_blank\" rel=\"noopener noreferrer\">Proyecto de acondicionamiento de la CA-654\u00a0 Matienzo-Seldesuto: P<\/a><\/li>\n<li><a href=\"https:\/\/www.urbem.eu\/wordpress\/?p=1799\" target=\"_blank\" rel=\"noopener noreferrer\">Acondicionamiento de andenes y edificio de almac\u00e9n en la estaci\u00f3n de Yera: P<\/a><\/li>\n<li><a href=\"https:\/\/www.urbem.eu\/wordpress\/?p=1944\" target=\"_blank\" rel=\"noopener noreferrer\">Proyecto de mejora de la CA-425 entre Alto Mar\u00edn y Hoz de Anero: P<\/a><\/li>\n<\/ul>\n","protected":false},"excerpt":{"rendered":"<p>P: Proyecto, D: Direcci\u00f3n de Obra Estaci\u00f3n L.A.V. Orense-Monforte, Lugo: P Estaci\u00f3n de autobuses en Mataporquera (obra pendiente de ejecuci\u00f3n): P Proyecto de acondicionamiento de naves para actividades de fomento del ferrocarril en Mataporquera (obra pendiente de ejecuci\u00f3n): P Reparaci\u00f3n y Mejora de la estaci\u00f3n de autobuses de Santander: P, DO Intercambiador de viajeros en [&hellip;]<\/p>\n","protected":false},"author":1,"featured_media":0,"parent":0,"menu_order":0,"comment_status":"closed","ping_status":"closed","template":"page-templates\/full-width.php","meta":{"footnotes":""},"class_list":["post-12","page","type-page","status-publish","hentry"],"_links":{"self":[{"href":"https:\/\/www.urbem.eu\/wordpress\/index.php?rest_route=\/wp\/v2\/pages\/12","targetHints":{"allow":["GET"]}}],"collection":[{"href":"https:\/\/www.urbem.eu\/wordpress\/index.php?rest_route=\/wp\/v2\/pages"}],"about":[{"href":"https:\/\/www.urbem.eu\/wordpress\/index.php?rest_route=\/wp\/v2\/types\/page"}],"author":[{"embeddable":true,"href":"https:\/\/www.urbem.eu\/wordpress\/index.php?rest_route=\/wp\/v2\/users\/1"}],"replies":[{"embeddable":true,"href":"https:\/\/www.urbem.eu\/wordpress\/index.php?rest_route=%2Fwp%2Fv2%2Fcomments&post=12"}],"version-history":[{"count":26,"href":"https:\/\/www.urbem.eu\/wordpress\/index.php?rest_route=\/wp\/v2\/pages\/12\/revisions"}],"predecessor-version":[{"id":1957,"href":"https:\/\/www.urbem.eu\/wordpress\/index.php?rest_route=\/wp\/v2\/pages\/12\/revisions\/1957"}],"wp:attachment":[{"href":"https:\/\/www.urbem.eu\/wordpress\/index.php?rest_route=%2Fwp%2Fv2%2Fmedia&parent=12"}],"curies":[{"name":"wp","href":"https:\/\/api.w.org\/{rel}","templated":true}]}}