{"id":439,"date":"2013-01-17T13:51:32","date_gmt":"2013-01-17T12:51:32","guid":{"rendered":"http:\/\/www.urbem.eu\/wordpress\/?page_id=439"},"modified":"2015-05-20T12:04:22","modified_gmt":"2015-05-20T11:04:22","slug":"439-2","status":"publish","type":"page","link":"https:\/\/www.urbem.eu\/wordpress\/?page_id=439","title":{"rendered":"Proyecto de \u00e1rea de estacionamiento para camiones"},"content":{"rendered":"<h1>Unquera, Cantabria.<\/h1>\n<p>A\u00f1o de redacci\u00f3n: 2010<\/p>\n<p>Cliente: Direcci\u00f3n General de Transportes y Comunicaciones del Gobierno de Cantabria<\/p>\n<p>Descripci\u00f3n gr\u00e1fica:<\/p>\n<p><a href=\"http:\/\/www.urbem.eu\/wordpress\/?attachment_id=440\" rel=\"attachment wp-att-440\"><img loading=\"lazy\" decoding=\"async\" class=\"alignleft size-full wp-image-440\" alt=\"Unquera\" src=\"http:\/\/www.urbem.eu\/wordpress\/wp-content\/uploads\/2013\/01\/Unquera.jpg\" width=\"800\" height=\"476\" \/><\/a><\/p>\n","protected":false},"excerpt":{"rendered":"<p>Unquera, Cantabria. A\u00f1o de redacci\u00f3n: 2010 Cliente: Direcci\u00f3n General de Transportes y Comunicaciones del Gobierno de Cantabria Descripci\u00f3n gr\u00e1fica:<\/p>\n","protected":false},"author":1,"featured_media":0,"parent":0,"menu_order":0,"comment_status":"closed","ping_status":"closed","template":"page-templates\/full-width.php","meta":{"footnotes":""},"class_list":["post-439","page","type-page","status-publish","hentry"],"_links":{"self":[{"href":"https:\/\/www.urbem.eu\/wordpress\/index.php?rest_route=\/wp\/v2\/pages\/439","targetHints":{"allow":["GET"]}}],"collection":[{"href":"https:\/\/www.urbem.eu\/wordpress\/index.php?rest_route=\/wp\/v2\/pages"}],"about":[{"href":"https:\/\/www.urbem.eu\/wordpress\/index.php?rest_route=\/wp\/v2\/types\/page"}],"author":[{"embeddable":true,"href":"https:\/\/www.urbem.eu\/wordpress\/index.php?rest_route=\/wp\/v2\/users\/1"}],"replies":[{"embeddable":true,"href":"https:\/\/www.urbem.eu\/wordpress\/index.php?rest_route=%2Fwp%2Fv2%2Fcomments&post=439"}],"version-history":[{"count":1,"href":"https:\/\/www.urbem.eu\/wordpress\/index.php?rest_route=\/wp\/v2\/pages\/439\/revisions"}],"predecessor-version":[{"id":893,"href":"https:\/\/www.urbem.eu\/wordpress\/index.php?rest_route=\/wp\/v2\/pages\/439\/revisions\/893"}],"wp:attachment":[{"href":"https:\/\/www.urbem.eu\/wordpress\/index.php?rest_route=%2Fwp%2Fv2%2Fmedia&parent=439"}],"curies":[{"name":"wp","href":"https:\/\/api.w.org\/{rel}","templated":true}]}}