{"id":531,"date":"2013-01-21T13:13:05","date_gmt":"2013-01-21T12:13:05","guid":{"rendered":"http:\/\/www.urbem.eu\/wordpress\/?page_id=531"},"modified":"2023-10-30T11:06:28","modified_gmt":"2023-10-30T10:06:28","slug":"concurso-propuesta-de-redaccion-del-plan-parcial-de-ordenacion-del-suelo-urbanizable-delimitado-sup-11-de-la-revision-del-plan-general-de-ordenacion-urbana-de-santander-la-remonta","status":"publish","type":"page","link":"https:\/\/www.urbem.eu\/wordpress\/?page_id=531","title":{"rendered":"Concurso \u201cLa Remonta\u201d (Finca Campogiro)."},"content":{"rendered":"<p style=\"text-align: justify;\">Concurso Propuesta de redacci\u00f3n del Plan Parcial de Ordenaci\u00f3n del suelo urbanizable delimitado SUP 11 de la revisi\u00f3n del Plan General de Ordenaci\u00f3n Urbana de Santander, conformado mayoritariamente por terrenos del estado Ramo Defensa denominados \u201cLa Remonta\u201d (Finca Campogiro).<\/p>\n<p>Ayuntamiento de \u00a0Santander (2010)<\/p>\n<p>Colaboraci\u00f3n como parte del equipo compuesto adem\u00e1s por: Jaime Carceller, Luis Lucio, Victoriano Gorostegui y Emilio Carre\u00f1o.<\/p>\n<p><a href=\"http:\/\/www.urbem.eu\/wordpress\/wp-content\/uploads\/2013\/01\/PANEL-01.jpg\"><img loading=\"lazy\" decoding=\"async\" class=\"alignnone size-full wp-image-609\" src=\"http:\/\/www.urbem.eu\/wordpress\/wp-content\/uploads\/2013\/01\/PANEL-01.jpg\" alt=\"PANEL 01\" width=\"800\" height=\"596\" srcset=\"https:\/\/www.urbem.eu\/wordpress\/wp-content\/uploads\/2013\/01\/PANEL-01.jpg 800w, https:\/\/www.urbem.eu\/wordpress\/wp-content\/uploads\/2013\/01\/PANEL-01-300x223.jpg 300w, https:\/\/www.urbem.eu\/wordpress\/wp-content\/uploads\/2013\/01\/PANEL-01-402x300.jpg 402w\" sizes=\"auto, (max-width: 800px) 100vw, 800px\" \/><\/a><\/p>\n<p><a href=\"http:\/\/www.urbem.eu\/wordpress\/?attachment_id=539\" rel=\"attachment wp-att-539\"><img loading=\"lazy\" decoding=\"async\" class=\"alignleft size-full wp-image-539\" src=\"http:\/\/www.urbem.eu\/wordpress\/wp-content\/uploads\/2013\/01\/Vista-43-B.jpg\" alt=\"Vista 43 B\" width=\"800\" height=\"534\" \/><\/a><\/p>\n<p><a href=\"http:\/\/www.urbem.eu\/wordpress\/?attachment_id=534\" rel=\"attachment wp-att-534\"><img loading=\"lazy\" decoding=\"async\" class=\"alignleft size-full wp-image-534\" src=\"http:\/\/www.urbem.eu\/wordpress\/wp-content\/uploads\/2013\/01\/Vista-Suelo-B.jpg\" alt=\"Vista Suelo B\" width=\"800\" height=\"480\" \/><\/a> <a href=\"http:\/\/www.urbem.eu\/wordpress\/?attachment_id=535\" rel=\"attachment wp-att-535\"><img loading=\"lazy\" decoding=\"async\" class=\"alignleft size-full wp-image-535\" src=\"http:\/\/www.urbem.eu\/wordpress\/wp-content\/uploads\/2013\/01\/FOTO-1.jpg\" alt=\"FOTO 1\" width=\"800\" height=\"744\" \/><\/a><\/p>\n","protected":false},"excerpt":{"rendered":"<p>Concurso Propuesta de redacci\u00f3n del Plan Parcial de Ordenaci\u00f3n del suelo urbanizable delimitado SUP 11 de la revisi\u00f3n del Plan General de Ordenaci\u00f3n Urbana de Santander, conformado mayoritariamente por terrenos del estado Ramo Defensa denominados \u201cLa Remonta\u201d (Finca Campogiro). Ayuntamiento de \u00a0Santander (2010) Colaboraci\u00f3n como parte del equipo compuesto adem\u00e1s por: Jaime Carceller, Luis Lucio, [&hellip;]<\/p>\n","protected":false},"author":1,"featured_media":0,"parent":0,"menu_order":0,"comment_status":"closed","ping_status":"closed","template":"page-templates\/full-width.php","meta":{"footnotes":""},"class_list":["post-531","page","type-page","status-publish","hentry"],"_links":{"self":[{"href":"https:\/\/www.urbem.eu\/wordpress\/index.php?rest_route=\/wp\/v2\/pages\/531","targetHints":{"allow":["GET"]}}],"collection":[{"href":"https:\/\/www.urbem.eu\/wordpress\/index.php?rest_route=\/wp\/v2\/pages"}],"about":[{"href":"https:\/\/www.urbem.eu\/wordpress\/index.php?rest_route=\/wp\/v2\/types\/page"}],"author":[{"embeddable":true,"href":"https:\/\/www.urbem.eu\/wordpress\/index.php?rest_route=\/wp\/v2\/users\/1"}],"replies":[{"embeddable":true,"href":"https:\/\/www.urbem.eu\/wordpress\/index.php?rest_route=%2Fwp%2Fv2%2Fcomments&post=531"}],"version-history":[{"count":8,"href":"https:\/\/www.urbem.eu\/wordpress\/index.php?rest_route=\/wp\/v2\/pages\/531\/revisions"}],"predecessor-version":[{"id":2656,"href":"https:\/\/www.urbem.eu\/wordpress\/index.php?rest_route=\/wp\/v2\/pages\/531\/revisions\/2656"}],"wp:attachment":[{"href":"https:\/\/www.urbem.eu\/wordpress\/index.php?rest_route=%2Fwp%2Fv2%2Fmedia&parent=531"}],"curies":[{"name":"wp","href":"https:\/\/api.w.org\/{rel}","templated":true}]}}