{"id":650,"date":"2013-04-23T10:08:18","date_gmt":"2013-04-23T09:08:18","guid":{"rendered":"http:\/\/www.urbem.eu\/wordpress\/?page_id=650"},"modified":"2015-05-20T11:58:21","modified_gmt":"2015-05-20T10:58:21","slug":"colegio-de-infantil-y-primaria","status":"publish","type":"page","link":"https:\/\/www.urbem.eu\/wordpress\/?page_id=650","title":{"rendered":"Colegio de infantil y primaria"},"content":{"rendered":"<h1>Colindres, Cantabria.<\/h1>\n<p>PROCEDIMIENTO ABIERTO<\/p>\n<p>A\u00f1o de Redacci\u00f3n: 2012<\/p>\n<p>\u00d3rgano de contrataci\u00f3n: GESTI\u00d3N DE INFRAESTRUCTURAS EDUCATIVAS DE CANTABRIA, S.L.<\/p>\n<p>Cliente: ECC VIVIENDAS<\/p>\n<p>Objeto: Elaboraci\u00f3n de documentaci\u00f3n t\u00e9cnica para la licitaci\u00f3n, incluyendo planificaci\u00f3n de obra, an\u00e1lisis de las mediciones de proyecto y estudio de costes.<\/p>\n<p>Descripci\u00f3n gr\u00e1fica:<\/p>\n<p><a href=\"http:\/\/www.urbem.eu\/wordpress\/wp-content\/uploads\/2013\/04\/GRUA_SYS.jpg\"><img loading=\"lazy\" decoding=\"async\" class=\"alignnone size-medium wp-image-652\" alt=\"M:2012-03_COLEGIO COLINDRES ECC800__OFERTAGRUA_SYS Model (1)\" src=\"http:\/\/www.urbem.eu\/wordpress\/wp-content\/uploads\/2013\/04\/GRUA_SYS-289x300.jpg\" width=\"289\" height=\"300\" srcset=\"https:\/\/www.urbem.eu\/wordpress\/wp-content\/uploads\/2013\/04\/GRUA_SYS-289x300.jpg 289w, https:\/\/www.urbem.eu\/wordpress\/wp-content\/uploads\/2013\/04\/GRUA_SYS.jpg 590w\" sizes=\"auto, (max-width: 289px) 100vw, 289px\" \/><\/a><\/p>\n","protected":false},"excerpt":{"rendered":"<p>Colindres, Cantabria. PROCEDIMIENTO ABIERTO A\u00f1o de Redacci\u00f3n: 2012 \u00d3rgano de contrataci\u00f3n: GESTI\u00d3N DE INFRAESTRUCTURAS EDUCATIVAS DE CANTABRIA, S.L. Cliente: ECC VIVIENDAS Objeto: Elaboraci\u00f3n de documentaci\u00f3n t\u00e9cnica para la licitaci\u00f3n, incluyendo planificaci\u00f3n de obra, an\u00e1lisis de las mediciones de proyecto y estudio de costes. Descripci\u00f3n gr\u00e1fica:<\/p>\n","protected":false},"author":1,"featured_media":0,"parent":0,"menu_order":0,"comment_status":"closed","ping_status":"closed","template":"page-templates\/full-width.php","meta":{"footnotes":""},"class_list":["post-650","page","type-page","status-publish","hentry"],"_links":{"self":[{"href":"https:\/\/www.urbem.eu\/wordpress\/index.php?rest_route=\/wp\/v2\/pages\/650","targetHints":{"allow":["GET"]}}],"collection":[{"href":"https:\/\/www.urbem.eu\/wordpress\/index.php?rest_route=\/wp\/v2\/pages"}],"about":[{"href":"https:\/\/www.urbem.eu\/wordpress\/index.php?rest_route=\/wp\/v2\/types\/page"}],"author":[{"embeddable":true,"href":"https:\/\/www.urbem.eu\/wordpress\/index.php?rest_route=\/wp\/v2\/users\/1"}],"replies":[{"embeddable":true,"href":"https:\/\/www.urbem.eu\/wordpress\/index.php?rest_route=%2Fwp%2Fv2%2Fcomments&post=650"}],"version-history":[{"count":3,"href":"https:\/\/www.urbem.eu\/wordpress\/index.php?rest_route=\/wp\/v2\/pages\/650\/revisions"}],"predecessor-version":[{"id":655,"href":"https:\/\/www.urbem.eu\/wordpress\/index.php?rest_route=\/wp\/v2\/pages\/650\/revisions\/655"}],"wp:attachment":[{"href":"https:\/\/www.urbem.eu\/wordpress\/index.php?rest_route=%2Fwp%2Fv2%2Fmedia&parent=650"}],"curies":[{"name":"wp","href":"https:\/\/api.w.org\/{rel}","templated":true}]}}