{"id":662,"date":"2013-04-23T10:47:47","date_gmt":"2013-04-23T09:47:47","guid":{"rendered":"http:\/\/www.urbem.eu\/wordpress\/?page_id=662"},"modified":"2015-12-09T10:36:47","modified_gmt":"2015-12-09T09:36:47","slug":"nuevas-instalaciones-del-centro-de-alto-rendimiento-de-vela","status":"publish","type":"page","link":"https:\/\/www.urbem.eu\/wordpress\/?page_id=662","title":{"rendered":"Nuevas instalaciones del Centro de Alto Rendimiento de Vela"},"content":{"rendered":"<h1>Santander, Cantabria.<\/h1>\n<p>PROCEDIMIENTO ABIERTO<\/p>\n<p>A\u00f1o de Redacci\u00f3n: 2013<\/p>\n<p>\u00d3rgano de contrataci\u00f3n: REAL FEDERACI\u00d3N DE VELA<\/p>\n<p>Cliente: U.T.E. CRC-MISTURAS-CIOMAR<\/p>\n<p>Objeto: Elaboraci\u00f3n de documentaci\u00f3n t\u00e9cnica para la licitaci\u00f3n, incluyendo planificaci\u00f3n, propuesta de mejoras y descripci\u00f3n gr\u00e1fica del proceso constructivo.<\/p>\n<p>&nbsp;<\/p>\n<figure id=\"attachment_665\" aria-describedby=\"caption-attachment-665\" style=\"width: 590px\" class=\"wp-caption aligncenter\"><a href=\"http:\/\/www.urbem.eu\/wordpress\/wp-content\/uploads\/2013\/04\/proceso_constr.jpg\"><img loading=\"lazy\" decoding=\"async\" class=\"wp-image-665 size-full\" src=\"http:\/\/www.urbem.eu\/wordpress\/wp-content\/uploads\/2013\/04\/proceso_constr.jpg\" alt=\"proceso_constr\" width=\"590\" height=\"295\" srcset=\"https:\/\/www.urbem.eu\/wordpress\/wp-content\/uploads\/2013\/04\/proceso_constr.jpg 590w, https:\/\/www.urbem.eu\/wordpress\/wp-content\/uploads\/2013\/04\/proceso_constr-300x150.jpg 300w, https:\/\/www.urbem.eu\/wordpress\/wp-content\/uploads\/2013\/04\/proceso_constr-500x250.jpg 500w\" sizes=\"auto, (max-width: 590px) 100vw, 590px\" \/><\/a><figcaption id=\"caption-attachment-665\" class=\"wp-caption-text\">Proceso constructivo.<\/figcaption><\/figure>\n<p style=\"text-align: right;\"><em>\u00a0<\/em><\/p>\n<figure id=\"attachment_666\" aria-describedby=\"caption-attachment-666\" style=\"width: 590px\" class=\"wp-caption aligncenter\"><a href=\"http:\/\/www.urbem.eu\/wordpress\/wp-content\/uploads\/2013\/04\/escena05.jpg\"><img loading=\"lazy\" decoding=\"async\" class=\"wp-image-666 size-full\" src=\"http:\/\/www.urbem.eu\/wordpress\/wp-content\/uploads\/2013\/04\/escena05.jpg\" alt=\"escena05\" width=\"590\" height=\"295\" srcset=\"https:\/\/www.urbem.eu\/wordpress\/wp-content\/uploads\/2013\/04\/escena05.jpg 590w, https:\/\/www.urbem.eu\/wordpress\/wp-content\/uploads\/2013\/04\/escena05-300x150.jpg 300w, https:\/\/www.urbem.eu\/wordpress\/wp-content\/uploads\/2013\/04\/escena05-500x250.jpg 500w\" sizes=\"auto, (max-width: 590px) 100vw, 590px\" \/><\/a><figcaption id=\"caption-attachment-666\" class=\"wp-caption-text\">Imagen de acabado.<\/figcaption><\/figure>\n","protected":false},"excerpt":{"rendered":"<p>Santander, Cantabria. PROCEDIMIENTO ABIERTO A\u00f1o de Redacci\u00f3n: 2013 \u00d3rgano de contrataci\u00f3n: REAL FEDERACI\u00d3N DE VELA Cliente: U.T.E. CRC-MISTURAS-CIOMAR Objeto: Elaboraci\u00f3n de documentaci\u00f3n t\u00e9cnica para la licitaci\u00f3n, incluyendo planificaci\u00f3n, propuesta de mejoras y descripci\u00f3n gr\u00e1fica del proceso constructivo. &nbsp; \u00a0<\/p>\n","protected":false},"author":1,"featured_media":0,"parent":0,"menu_order":0,"comment_status":"closed","ping_status":"closed","template":"page-templates\/full-width.php","meta":{"footnotes":""},"class_list":["post-662","page","type-page","status-publish","hentry"],"_links":{"self":[{"href":"https:\/\/www.urbem.eu\/wordpress\/index.php?rest_route=\/wp\/v2\/pages\/662","targetHints":{"allow":["GET"]}}],"collection":[{"href":"https:\/\/www.urbem.eu\/wordpress\/index.php?rest_route=\/wp\/v2\/pages"}],"about":[{"href":"https:\/\/www.urbem.eu\/wordpress\/index.php?rest_route=\/wp\/v2\/types\/page"}],"author":[{"embeddable":true,"href":"https:\/\/www.urbem.eu\/wordpress\/index.php?rest_route=\/wp\/v2\/users\/1"}],"replies":[{"embeddable":true,"href":"https:\/\/www.urbem.eu\/wordpress\/index.php?rest_route=%2Fwp%2Fv2%2Fcomments&post=662"}],"version-history":[{"count":6,"href":"https:\/\/www.urbem.eu\/wordpress\/index.php?rest_route=\/wp\/v2\/pages\/662\/revisions"}],"predecessor-version":[{"id":664,"href":"https:\/\/www.urbem.eu\/wordpress\/index.php?rest_route=\/wp\/v2\/pages\/662\/revisions\/664"}],"wp:attachment":[{"href":"https:\/\/www.urbem.eu\/wordpress\/index.php?rest_route=%2Fwp%2Fv2%2Fmedia&parent=662"}],"curies":[{"name":"wp","href":"https:\/\/api.w.org\/{rel}","templated":true}]}}